{"id":515,"date":"2026-01-01T01:01:00","date_gmt":"2026-01-01T07:01:00","guid":{"rendered":"https:\/\/socialblack.mx\/es\/?page_id=515"},"modified":"2026-01-12T17:10:56","modified_gmt":"2026-01-12T23:10:56","slug":"aviso-de-privacidad","status":"publish","type":"page","link":"https:\/\/socialblack.mx\/es\/aviso-de-privacidad\/","title":{"rendered":"Aviso de Privacidad"},"content":{"rendered":"\n<p><strong>Responsable del tratamiento de sus datos personales<\/strong> Social Black Group SC (en lo sucesivo &#8220;SOCIAL BLACK&#8221;), con domicilio en <strong>Av. Insurgentes Sur 2453, Col. Tizap\u00e1n, Alcald\u00eda \u00c1lvaro Obreg\u00f3n, Ciudad de M\u00e9xico, C.P. 01090<\/strong>, es el responsable del uso y protecci\u00f3n de sus datos personales de conformidad con la Ley Federal de Protecci\u00f3n de Datos Personales en Posesi\u00f3n de los Particulares.<\/p>\n\n\n\n<p><strong>Finalidades del tratamiento<\/strong> Los datos personales que recabamos (Nombre, Empresa, Email y Tel\u00e9fono) ser\u00e1n utilizados para las siguientes finalidades necesarias:<\/p>\n\n\n\n<ul class=\"wp-block-list\">\n<li>Seguimiento de proyectos, venta y cierre de contratos comerciales.<\/li>\n\n\n\n<li>Identificaci\u00f3n, contacto, facturaci\u00f3n y cumplimiento de obligaciones jur\u00eddicas presentes o futuras.<\/li>\n\n\n\n<li><em>Finalidades secundarias<\/em>: Env\u00edo de informaci\u00f3n publicitaria o de nuestra secci\u00f3n de an\u00e1lisis &#8220;Insights&#8221;. Usted puede oponerse a estos fines enviando un correo a la direcci\u00f3n abajo mencionada.<\/li>\n<\/ul>\n\n\n\n<p><strong>Uso de Tecnolog\u00edas de Rastreo<\/strong> Le informamos que en nuestra plataforma utilizamos cookies, web beacons y otras tecnolog\u00edas (Google Analytics, Google Tag Manager y Meta Pixel) a trav\u00e9s de las cuales es posible monitorear su comportamiento como usuario para brindarle un mejor servicio y experiencia al navegar en nuestra p\u00e1gina.<\/p>\n\n\n\n<p><strong>Derechos ARCO y Revocaci\u00f3n del Consentimiento<\/strong> Usted tiene derecho a conocer qu\u00e9 datos personales tenemos de usted, para qu\u00e9 los utilizamos y las condiciones del uso que les damos (Acceso). Asimismo, es su derecho solicitar la correcci\u00f3n de su informaci\u00f3n (Rectificaci\u00f3n), que la eliminemos de nuestros registros (Cancelaci\u00f3n) u oponerse al uso de los mismos para fines espec\u00edficos (Oposici\u00f3n).<\/p>\n\n\n\n<p>Para el ejercicio de cualquiera de los derechos ARCO, as\u00ed como para limitar el uso o divulgaci\u00f3n de su informaci\u00f3n, usted deber\u00e1 presentar la solicitud respectiva a trav\u00e9s del correo electr\u00f3nico: <strong>avisodeprivacidad@socialblack.mx<\/strong><\/p>\n\n\n\n<p><strong>Departamento de Datos Personales<\/strong> El tr\u00e1mite de las solicitudes y la protecci\u00f3n de datos est\u00e1 a cargo de nuestro:<\/p>\n\n\n\n<ul class=\"wp-block-list\">\n<li><strong>\u00c1rea responsable<\/strong>: Departamento de Administraci\u00f3n.<\/li>\n\n\n\n<li><strong>Domicilio<\/strong>: Av. Insurgentes Sur 2453, Col. Tizap\u00e1n, Alcald\u00eda \u00c1lvaro Obreg\u00f3n, Ciudad de M\u00e9xico, C.P. 01090.<\/li>\n<\/ul>\n\n\n\n<p><strong>\u00daltima actualizaci\u00f3n<\/strong>: 01 de enero de 2026.<\/p>\n","protected":false},"excerpt":{"rendered":"<p>Responsable del tratamiento de sus datos personales Social Black Group SC (en lo sucesivo &#8220;SOCIAL BLACK&#8221;), con domicilio en Av. Insurgentes Sur 2453, Col. Tizap\u00e1n, Alcald\u00eda \u00c1lvaro Obreg\u00f3n, Ciudad de&hellip;<\/p>\n","protected":false},"author":1,"featured_media":0,"parent":0,"menu_order":0,"comment_status":"closed","ping_status":"closed","template":"","meta":{"footnotes":""},"class_list":["post-515","page","type-page","status-publish","hentry"],"_links":{"self":[{"href":"https:\/\/socialblack.mx\/es\/wp-json\/wp\/v2\/pages\/515","targetHints":{"allow":["GET"]}}],"collection":[{"href":"https:\/\/socialblack.mx\/es\/wp-json\/wp\/v2\/pages"}],"about":[{"href":"https:\/\/socialblack.mx\/es\/wp-json\/wp\/v2\/types\/page"}],"author":[{"embeddable":true,"href":"https:\/\/socialblack.mx\/es\/wp-json\/wp\/v2\/users\/1"}],"replies":[{"embeddable":true,"href":"https:\/\/socialblack.mx\/es\/wp-json\/wp\/v2\/comments?post=515"}],"version-history":[{"count":2,"href":"https:\/\/socialblack.mx\/es\/wp-json\/wp\/v2\/pages\/515\/revisions"}],"predecessor-version":[{"id":520,"href":"https:\/\/socialblack.mx\/es\/wp-json\/wp\/v2\/pages\/515\/revisions\/520"}],"wp:attachment":[{"href":"https:\/\/socialblack.mx\/es\/wp-json\/wp\/v2\/media?parent=515"}],"curies":[{"name":"wp","href":"https:\/\/api.w.org\/{rel}","templated":true}]}}

<p><strong>Responsable del tratamiento de sus datos personales</strong> Social Black Group SC (en lo sucesivo &#8220;SOCIAL BLACK&#8221;), con domicilio en <strong>Av. Insurgentes Sur 2453, Col. Tizapán, Alcaldía Álvaro Obregón, Ciudad de México, C.P. 01090</strong>, es el responsable del uso y protección de sus datos personales de conformidad con la Ley Federal de Protección de Datos Personales en Posesión de los Particulares.</p>



<p><strong>Finalidades del tratamiento</strong> Los datos personales que recabamos (Nombre, Empresa, Email y Teléfono) serán utilizados para las siguientes finalidades necesarias:</p>



<ul class="wp-block-list">
<li>Seguimiento de proyectos, venta y cierre de contratos comerciales.</li>



<li>Identificación, contacto, facturación y cumplimiento de obligaciones jurídicas presentes o futuras.</li>



<li><em>Finalidades secundarias</em>: Envío de información publicitaria o de nuestra sección de análisis &#8220;Insights&#8221;. Usted puede oponerse a estos fines enviando un correo a la dirección abajo mencionada.</li>
</ul>



<p><strong>Uso de Tecnologías de Rastreo</strong> Le informamos que en nuestra plataforma utilizamos cookies, web beacons y otras tecnologías (Google Analytics, Google Tag Manager y Meta Pixel) a través de las cuales es posible monitorear su comportamiento como usuario para brindarle un mejor servicio y experiencia al navegar en nuestra página.</p>



<p><strong>Derechos ARCO y Revocación del Consentimiento</strong> Usted tiene derecho a conocer qué datos personales tenemos de usted, para qué los utilizamos y las condiciones del uso que les damos (Acceso). Asimismo, es su derecho solicitar la corrección de su información (Rectificación), que la eliminemos de nuestros registros (Cancelación) u oponerse al uso de los mismos para fines específicos (Oposición).</p>



<p>Para el ejercicio de cualquiera de los derechos ARCO, así como para limitar el uso o divulgación de su información, usted deberá presentar la solicitud respectiva a través del correo electrónico: <strong>avisodeprivacidad@socialblack.mx</strong></p>



<p><strong>Departamento de Datos Personales</strong> El trámite de las solicitudes y la protección de datos está a cargo de nuestro:</p>



<ul class="wp-block-list">
<li><strong>Área responsable</strong>: Departamento de Administración.</li>



<li><strong>Domicilio</strong>: Av. Insurgentes Sur 2453, Col. Tizapán, Alcaldía Álvaro Obregón, Ciudad de México, C.P. 01090.</li>
</ul>



<p><strong>Última actualización</strong>: 01 de enero de 2026.</p>

<p>Responsable del tratamiento de sus datos personales Social Black Group SC (en lo sucesivo &#8220;SOCIAL BLACK&#8221;), con domicilio en Av. Insurgentes Sur 2453, Col. Tizapán, Alcaldía Álvaro Obregón, Ciudad de&hellip;</p>
